ivisor of 10 and m?
2
Suppose -s - 100 + 23 = 0. Let f = 11 - s. Suppose -18 - 15 = -3*m. What is the greatest common divisor of f and m?
11
Suppose 17 = -2*c - 35. Let b = c + 46. Calculate the greatest common factor of b and 5.
5
Let s(x) = x**2 - 4*x. Let j be s(3). Let h be (22/j)/(2/(-3)). Calculate the highest common factor of h and 88.
11
Let v be ((-16)/(-4) + -2)*2. Suppose v*u - 64 = 2*u. What is the greatest common divisor of u and 48?
16
Suppose 5*x + 4*f - 556 = 0, 3*f - f + 562 = 5*x. Suppose 0 = 2*o - d - 28, 25*d = 22*d + 12. Calculate the greatest common divisor of o and x.
16
Suppose 6*t = -686 - 154. Let k be 4/6 + t/(-6). What is the greatest common factor of 60 and k?
12
Let q = -14 - -1. Let j = q - -17. Calculate the highest common factor of 10 and j.
2
Let l(z) = -z - 17. Let x be l(-13). Let p = 34 + -49. Let n be (-10)/p*(-78)/x. What is the greatest common divisor of 26 and n?
13
Let k(l) = -39*l**3 + l**2 - l + 1. Suppose a = 4*u, u - 2*u - 15 = -4*a. Let z be k(u). Let c = -18 - z. What is the greatest common factor of 50 and c?
10
Suppose -2*z + 17 + 83 = 0. Suppose 8*w - 3*w = -z. Let u be (-6 - -1)*24/w. Calculate the highest common factor of 132 and u.
12
Let b = 588 - 1476. Let u = b + 126. Let v be 6/(-21) + u/(-21). What is the highest common factor of v and 4?
4
Let x(y) = -y + 9. Let h be x(7). Suppose -4*o - h*s = -20, 0 + 18 = 5*o - s. What is the greatest common factor of o and 28?
4
Suppose -3*j + 15 = 4*a, -4*j + 2*a + 2*a - 8 = 0. Let w be j + -8 + 3 - -20. Calculate the greatest common factor of w and 64.
16
Let a be 3*1 + (12 - 1). Calculate the greatest common factor of a and 70.
14
Let z = 31 + 67. What is the greatest common factor of z and 14?
14
Suppose -218 = -5*k - 18. Calculate the highest common divisor of k and 10.
10
Let v(m) = -m**3 + 6*m**2 + 9*m - 9. Let n be v(6). What is the highest common factor of 15 and n?
15
Suppose c + 2*c = -s + 42, -50 = -s + c. Calculate the greatest common divisor of s and 72.
24
Suppose r + 76 = 80. Calculate the greatest common factor of r and 6.
2
Suppose -3*c - 2 + 14 = 0. Suppose 5 = 3*h - c. Suppose h*v = 3, 3*x = x + 2*v + 6. What is the greatest common divisor of x and 16?
4
Suppose 0 = -2*b + 5*v - 2, 6*v = 2*b + 7*v - 10. Let u(p) = 3*p**2 + 4*p + 4. Let z be u(-4). Calculate the highest common factor of b and z.
4
Let r be 14 - (((-3)/1 - -3) + -1). What is the greatest common divisor of r and 75?
15
Suppose -f - 88 = -9*f. What is the greatest common divisor of 66 and f?
11
Let k = 583 - 385. Suppose -3*j + 88 = j. Calculate the greatest common divisor of k and j.
22
Suppose -3*x - 4*x = -196. Let p(s) = 3*s**2 - 3*s + 1. Let k be p(-4). Let v = k - x. Calculate the greatest common divisor of v and 11.
11
Let j(r) = 68*r**2. Suppose 4*l + 0*b - 4*b = 0, 8 = -4*l - 4*b. Let i be j(l). Suppose i = 3*t - 22. Calculate the highest common divisor of 10 and t.
10
Let z(b) = -25*b**3 - b**2 - b - 1. Let a be z(-1). Let g = 484 + -316. Calculate the greatest common divisor of g and a.
24
Let h = 4 + 36. Let g(z) = -z - 8. Let k be g(-15). Suppose -k*m + 3*m - 3*l = -49, 0 = -5*l + 15. What is the greatest common divisor of m and h?
10
Suppose 5*p - 308 = 2*m + 2*m, 4*m - 76 = -p. What is the greatest common factor of 8 and p?
8
Let w = -6 + 11. Suppose -3*v + 16 = 1. What is the highest common divisor of v and w?
5
Let b be 20/9 - (-4)/(-18). Let n(m) = 3*m + 1 + 4*m**2 + 2*m**b + m**2 - 3*m**2. Let i be n(-2). What is the greatest common divisor of i and 55?
11
Let s(o) = -3*o**3 + o**2 - 7*o + 6. Let g be s(-3). Let c be 2*7 + (-1 - 0). What is the greatest common divisor of g and c?
13
Suppose 3*w - 3*n - 15 = 45, 0 = -5*w + 3*n + 90. Let i = -39 - -69. Calculate the highest common divisor of i and w.
15
Suppose -7*n = -15*n + 576. Calculate the greatest common divisor of 9 and n.
9
Let f(v) = -2*v**2 - 20*v - 7. Let b be f(-8). What is the greatest common divisor of b and 5?
5
Let v(i) = -i**3 - i + 5*i + 8 + i + 5*i**2. Let j be v(6). Suppose 42 = 2*k + j*k - 2*h, 0 = 5*k - 3*h - 51. Calculate the greatest common divisor of k and 3.
3
Let w = 41 - 25. What is the highest common factor of w and 160?
16
Let n(k) = -3*k + 2. Let j be n(-4). Let p = 21 - j. Calculate the greatest common factor of p and 28.
7
Let b(d) = -4*d**3 - 3*d**2 + 2. Let m be b(-2). Suppose 0 = 2*k + m. Let g be -3*(-1)/(-1) - k. Calculate the highest common divisor of 2 and g.
2
Let l be (322/(-21))/((-4)/6). Let r = l + -16. Let y be 4/(-18) - (-256)/18. Calculate the highest common factor of y and r.
7
Let h(q) = -q**2 - 21*q + 11. Let s be h(-21). What is the greatest common factor of s and 176?
11
Let f be -9 - -11 - (-12)/(-2) - -60. What is the greatest common divisor of 42 and f?
14
Suppose 4*j - 5*u = 32, -j + 2*u + 2*u = 3. Suppose 0 = 4*x - 3*p - 416, 0*x + 2*x - p = 208. Calculate the highest common factor of x and j.
13
Let c = 1 + -1. Suppose c = -t - 0*t + 15. Calculate the greatest common divisor of t and 10.
5
Let i(w) = w**3 + 6*w**2 - 5*w - 8. Let c be i(-6). Let r be (-20)/130 + 862/26. What is the greatest common factor of c and r?
11
Suppose 4*y + c = -2*c + 1111, 2*y + 4*c = 548. Calculate the greatest common divisor of 56 and y.
56
Suppose -c - 2*c - 78 = -2*n, 4*n + 4*c = 136. Let g = -18 - -42. What is the highest common divisor of g and n?
12
Let m = 3 + 5. Suppose -4*g + n + 3*n = -364, -2*n + 170 = 2*g. Calculate the highest common divisor of m and g.
8
Suppose -4*l = 4*g - 57 + 13, 0 = l + 3*g - 13. What is the highest common divisor of l and 10?
10
Suppose 4*d = 2*d. Let g = d - 0. Suppose -q - 4*y + 36 = g, -5*q + 4*q + 76 = -4*y. Calculate the highest common factor of q and 14.
14
Let q be (0 + -2)/((-3)/3). Suppose -4*v = 4 - 12, q*v + 359 = 3*m. Calculate the highest common divisor of m and 11.
11
Suppose y - 8 = 3*y, 3*y = -4*r - 4. Suppose -141 = -r*x - 3*i, 2*x + 4*i + 295 = 7*x. What is the greatest common factor of x and 9?
9
Suppose -t - 4*t + 25 = 0. Let v(p) = 8*p + 5. Let h be v(t). Suppose -3*w + 0*w + h = 0. What is the highest common divisor of w and 120?
15
Suppose -13 + 16 = 3*q. Calculate the greatest common factor of q and 8.
1
Let d = 12 - 12. Suppose -4*i + 30 + 90 = d. What is the greatest common factor of i and 30?
30
Suppose 13 = q - 0*q. Suppose -j = m - 144, -3*j - 573 = -4*m - 4*j. What is the greatest common factor of q and m?
13
Let q(r) = 4*r + 1. Let g be q(2). Suppose 0 = -6*t + 32 + 10. Let k = g - t. What is the highest common factor of k and 5?
1
Suppose -139 = -3*o - 5*w - 47, -o + 24 = 3*w. Let g = -9 + o. Let u be (-2 + -1)/((-1)/15). What is the greatest common divisor of u and g?
15
Let i = -9 + 25. Suppose 4*t - i = 0, 3*m - t = 2*t. Suppose d - 12 - 4 = m*n, -3*d + 75 = -3*n. What is the greatest common factor of d and 7?
7
Let i = 27 - 18. What is the highest common divisor of i and 1?
1
Suppose 9*j = 259 + 200. Calculate the highest common factor of j and 34.
17
Let i be (-2)/4 + 36/24. Suppose q = 3*p + 2*p - 79, p + 4*q = -i. Calculate the highest common factor of 3 and p.
3
Let b be (-24)/(-108) + (-34)/(-9). Suppose 130 = b*l - 90. Calculate the greatest common divisor of l and 11.
11
Let c = -17 - -45. Let f be 4 + (-7)/((-21)/9). Calculate the highest common divisor of c and f.
7
Let b(r) = -r + 1. Let x be b(-3). Suppose -3*q + 2*q = -32. What is the highest common divisor of x and q?
4
Let l(f) = 2*f**2 - 9*f + 6. Let p be l(6). Let z be (-5 - 3)*-1*7. Suppose -z = -4*d + 8. Calculate the greatest common factor of d and p.
8
Suppose -5*o - w = 9, 3 = -o - w + 2. Let v be 16*5*(-1)/o. Calculate the highest common factor of v and 8.
8
Suppose 2*j = 4*z - 68, 2*j + 11 = z + 3*j. Let r = -7 + 6. Let q be -6*r*(-2)/(-4). What is the greatest common divisor of q and z?
3
Suppose -r = -4 - 1. Suppose 3*h = -2*s - 0*s + 7754, s + 12932 = r*h. Let v be 4/18 + h/27. What is the greatest common factor of v and 12?
12
Let f(h) = 4*h**2 + 4 + 2*h**2 - 3*h - 3 + 2*h**2. Let j be f(2). What is the greatest common factor of j and 18?
9
Suppose -14 + 6 = -2*q. Let v be 0 + q/(-2*1). Let y = v - -11. Calculate the greatest common factor of 99 and y.
9
Let v be 664/20 - 1/5. What is the greatest common factor 